{"id":573,"date":"2020-06-04T21:26:19","date_gmt":"2020-06-04T21:26:19","guid":{"rendered":"https:\/\/micrisordos.org\/?page_id=573"},"modified":"2020-06-10T21:04:22","modified_gmt":"2020-06-10T21:04:22","slug":"curso-de-lengua-de-signos","status":"publish","type":"page","link":"https:\/\/micrisordos.org\/?page_id=573","title":{"rendered":"Traducci\u00f3n de la biblia"},"content":{"rendered":"<p>[vc_row][vc_column][vc_column_text]<\/p>\n<h2 class=\"xr_tl Heading_2\">La biblia en las lenguas de signos de Espa\u00f1a<\/h2>\n<p>[\/vc_column_text][\/vc_column][\/vc_row][vc_row][vc_column][vc_raw_html]JTNDaWZyYW1lJTIwd2lkdGglM0QlMjI1NjAlMjIlMjBoZWlnaHQlM0QlMjIzMTUlMjIlMjBzcmMlM0QlMjJodHRwcyUzQSUyRiUyRnd3dy55b3V0dWJlLmNvbSUyRmVtYmVkJTJGemdoM2o1dDlTTVklMjIlMjBmcmFtZWJvcmRlciUzRCUyMjAlMjIlMjBhbGxvdyUzRCUyMmFjY2VsZXJvbWV0ZXIlM0IlMjBhdXRvcGxheSUzQiUyMGVuY3J5cHRlZC1tZWRpYSUzQiUyMGd5cm9zY29wZSUzQiUyMHBpY3R1cmUtaW4tcGljdHVyZSUyMiUyMGFsbG93ZnVsbHNjcmVlbiUzRSUzQyUyRmlmcmFtZSUzRQ==[\/vc_raw_html][\/vc_column][\/vc_row][vc_row][vc_column][vc_cta h2=\u00bb\u00bb]Como prioridad de este Ministerio est\u00e1 el incentivar a otros oyentes cristianos para que se puedan involucrar en la tarea de ser de ayuda a los sordos en sus diferentes iglesias o lugares de residencia para que puedan conocer al Se\u00f1or y ser edificados en su andar cristiano Un paso casi obligado para que las personas oyentes puedan apoyar a los sordos es que aprendan su propio lenguaje (Lengua de Signos). Depende la zona, puede ser LSE (Lengua de Signos Espa\u00f1ola) que es la que se habla en todo el territorio espa\u00f1ol exceptuando Catalunya y la LSC que es la que se habla exclusivamente en Catalunya.<br \/>\nNuestro Ministerio desarrolla una actividad de ense\u00f1anza de LSC en la ciudad de Sabadell de una forma regular.<\/p>\n<p>Se pretende con ello equipar a los futuros int\u00e9rpretes para que puedan traducir las reuniones en sus respectivas iglesias (alabanza y predicaci\u00f3n), as\u00ed como fomentar la comunicaci\u00f3n entre sordos y oyentes de nuestra iglesia al ense\u00f1arles.<\/p>\n<p>El d\u00eda que se suele dedicar a este trabajo es el Domingo a las 17,00. Si est\u00e1s interesado, antes de asistir inf\u00f3rmate llamando al: 652119833 y pregunta por Rut Rold\u00e1n Cintas.[\/vc_cta][\/vc_column][\/vc_row]<\/p>\n","protected":false},"excerpt":{"rendered":"<p>[vc_row][vc_column][vc_column_text] La biblia en las lenguas de signos de Espa\u00f1a [\/vc_column_text][\/vc_column][\/vc_row][vc_row][vc_column][vc_raw_html]JTNDaWZyYW1lJTIwd2lkdGglM0QlMjI1NjAlMjIlMjBoZWlnaHQlM0QlMjIzMTUlMjIlMjBzcmMlM0QlMjJodHRwcyUzQSUyRiUyRnd3dy55b3V0dWJlLmNvbSUyRmVtYmVkJTJGemdoM2o1dDlTTVklMjIlMjBmcmFtZWJvcmRlciUzRCUyMjAlMjIlMjBhbGxvdyUzRCUyMmFjY2VsZXJvbWV0ZXIlM0IlMjBhdXRvcGxheSUzQiUyMGVuY3J5cHRlZC1tZWRpYSUzQiUyMGd5cm9zY29wZSUzQiUyMHBpY3R1cmUtaW4tcGljdHVyZSUyMiUyMGFsbG93ZnVsbHNjcmVlbiUzRSUzQyUyRmlmcmFtZSUzRQ==[\/vc_raw_html][\/vc_column][\/vc_row][vc_row][vc_column][vc_cta h2=\u00bb\u00bb]Como prioridad de este Ministerio est\u00e1 el incentivar a otros oyentes cristianos para que se puedan involucrar en la tarea de ser de ayuda a los sordos en sus diferentes iglesias o lugares de residencia para que puedan conocer al Se\u00f1or y ser edificados [&hellip;]<\/p>\n","protected":false},"author":1,"featured_media":0,"parent":0,"menu_order":0,"comment_status":"closed","ping_status":"closed","template":"","meta":{"footnotes":""},"class_list":["post-573","page","type-page","status-publish","hentry"],"jetpack_sharing_enabled":true,"_links":{"self":[{"href":"https:\/\/micrisordos.org\/index.php?rest_route=\/wp\/v2\/pages\/573","targetHints":{"allow":["GET"]}}],"collection":[{"href":"https:\/\/micrisordos.org\/index.php?rest_route=\/wp\/v2\/pages"}],"about":[{"href":"https:\/\/micrisordos.org\/index.php?rest_route=\/wp\/v2\/types\/page"}],"author":[{"embeddable":true,"href":"https:\/\/micrisordos.org\/index.php?rest_route=\/wp\/v2\/users\/1"}],"replies":[{"embeddable":true,"href":"https:\/\/micrisordos.org\/index.php?rest_route=%2Fwp%2Fv2%2Fcomments&post=573"}],"version-history":[{"count":8,"href":"https:\/\/micrisordos.org\/index.php?rest_route=\/wp\/v2\/pages\/573\/revisions"}],"predecessor-version":[{"id":687,"href":"https:\/\/micrisordos.org\/index.php?rest_route=\/wp\/v2\/pages\/573\/revisions\/687"}],"wp:attachment":[{"href":"https:\/\/micrisordos.org\/index.php?rest_route=%2Fwp%2Fv2%2Fmedia&parent=573"}],"curies":[{"name":"wp","href":"https:\/\/api.w.org\/{rel}","templated":true}]}}