{"id":518,"date":"2020-06-04T20:40:18","date_gmt":"2020-06-04T20:40:18","guid":{"rendered":"https:\/\/micrisordos.org\/?page_id=518"},"modified":"2020-06-04T20:52:31","modified_gmt":"2020-06-04T20:52:31","slug":"quienes-somos","status":"publish","type":"page","link":"https:\/\/micrisordos.org\/?page_id=518","title":{"rendered":"\u00bfQui\u00e9nes somos?"},"content":{"rendered":"<p>[vc_row][vc_column][vc_cta h2=\u00bb\u00bb]El Ministerio Cristiano de Sordos MICRISORDOS est\u00e1 formado por un grupo de cristianos nacidos de nuevo que hemos tenido la experiencia de recibir a Jesucristo como Salvador de nuestras vidas. Esta experiencia personal diaria es el motor que nos impulsa para llevar la Buenas Nuevas a otros sordos que no conocen del Se\u00f1or.<\/p>\n<p>Precisamente un gran n\u00famero de los integrantes de esta Obra somos personas sordas o con alg\u00fan tipo de discapacidad auditiva. El hecho de que seamos sordos, lejos de verlo como algo negativo, nos motiva para alcanzar e intentar relacionamos con personas como nosotros, teniendo oportunidad de presentar les a nuestro Salvador. Otra parte del grupo somos oyentes que deseamos participar en este precioso llamado y que sentimos la carga de apoyar a los sordos cristianos ayud\u00e1ndoles en la interpretaci\u00f3n de las reuniones de nuestras iglesia y trabajando juntos en la proclamaci\u00f3n del Evangelio a los perdidos.<br \/>\nUna parte importante de este trabajo tambi\u00e9n tiene que ver con el motivar a los cristianos oyentes para que puedan involucrase activamente en esta Obra y sean de apoyo a sus hermanos sordos.[\/vc_cta][\/vc_column][\/vc_row]<\/p>\n","protected":false},"excerpt":{"rendered":"<p>[vc_row][vc_column][vc_cta h2=\u00bb\u00bb]El Ministerio Cristiano de Sordos MICRISORDOS est\u00e1 formado por un grupo de cristianos nacidos de nuevo que hemos tenido la experiencia de recibir a Jesucristo como Salvador de nuestras vidas. Esta experiencia personal diaria es el motor que nos impulsa para llevar la Buenas Nuevas a otros sordos que no conocen del Se\u00f1or. Precisamente [&hellip;]<\/p>\n","protected":false},"author":1,"featured_media":0,"parent":0,"menu_order":0,"comment_status":"closed","ping_status":"closed","template":"","meta":{"footnotes":""},"class_list":["post-518","page","type-page","status-publish","hentry"],"jetpack_sharing_enabled":true,"_links":{"self":[{"href":"https:\/\/micrisordos.org\/index.php?rest_route=\/wp\/v2\/pages\/518","targetHints":{"allow":["GET"]}}],"collection":[{"href":"https:\/\/micrisordos.org\/index.php?rest_route=\/wp\/v2\/pages"}],"about":[{"href":"https:\/\/micrisordos.org\/index.php?rest_route=\/wp\/v2\/types\/page"}],"author":[{"embeddable":true,"href":"https:\/\/micrisordos.org\/index.php?rest_route=\/wp\/v2\/users\/1"}],"replies":[{"embeddable":true,"href":"https:\/\/micrisordos.org\/index.php?rest_route=%2Fwp%2Fv2%2Fcomments&post=518"}],"version-history":[{"count":4,"href":"https:\/\/micrisordos.org\/index.php?rest_route=\/wp\/v2\/pages\/518\/revisions"}],"predecessor-version":[{"id":536,"href":"https:\/\/micrisordos.org\/index.php?rest_route=\/wp\/v2\/pages\/518\/revisions\/536"}],"wp:attachment":[{"href":"https:\/\/micrisordos.org\/index.php?rest_route=%2Fwp%2Fv2%2Fmedia&parent=518"}],"curies":[{"name":"wp","href":"https:\/\/api.w.org\/{rel}","templated":true}]}}